{"id":218742,"date":"2019-09-17T22:26:03","date_gmt":"2019-09-17T20:26:03","guid":{"rendered":"https:\/\/shopera.ch\/?post_type=etheme_portfolio&amp;p=218742"},"modified":"2022-08-24T13:48:20","modified_gmt":"2022-08-24T11:48:20","slug":"zuerich-tanzt-2019","status":"publish","type":"etheme_portfolio","link":"https:\/\/shopera.ch\/it\/event\/zuerich-tanzt-2019\/","title":{"rendered":"Z\u00fcrich Tanzt 2019"},"content":{"rendered":"<div class=\"wpb-content-wrapper\"><p>[vc_row full_width=&#8221;stretch_row&#8221; full_height=&#8221;yes&#8221;][vc_column width=&#8221;2\/3&#8243;][vc_single_image image=&#8221;218892&#8243; img_size=&#8221;full&#8221;][vc_single_image image=&#8221;218890&#8243; img_size=&#8221;full&#8221;][vc_single_image image=&#8221;218891&#8243; img_size=&#8221;full&#8221;][\/vc_column][vc_column width=&#8221;1\/3&#8243;][vc_column_text el_class=&#8221;eventdescp&#8221;]<\/p>\n<h5 class=\"event-off\">BENDEET<\/h5>\n<h1>Z\u00fcrich Tanzt 2019<\/h1>\n<h2>Event Rabatt-Tickets<\/h2>\n<p>In unserer stadtweiten Festivallandschaft findest du dieses Jahr sieben thematische Hubs, in denen es verschiedene Facetten der lokalen, nationalen und internationalen Tanzkultur zu entdecken gibt. Und nat\u00fcrlich tanzen wir auch wieder durch die Strassen, auf Pl\u00e4tzen und an anderen ungew\u00f6hnlichen Orten in der Stadt. Wir empfehlen dir, die Details zu den Veranstaltungen auf unserer Webseite oder in der App nachzulesen. Let\u2019s dance! Dein Z\u00dcRICH TANZT-Team<\/p>\n<h3>Sponsor<\/h3>\n<p><img decoding=\"async\" class=\"aligncenter size-thumbnail wp-image-218743\" src=\"https:\/\/shopera.ch\/wp-content\/uploads\/2019\/09\/ZT_logo_2019_gross-150x150.jpg\" alt=\"\" width=\"150\" height=\"150\" srcset=\"https:\/\/shopera.ch\/wp-content\/uploads\/2019\/09\/ZT_logo_2019_gross-150x150.jpg 150w, https:\/\/shopera.ch\/wp-content\/uploads\/2019\/09\/ZT_logo_2019_gross-225x225.jpg 225w, https:\/\/shopera.ch\/wp-content\/uploads\/2019\/09\/ZT_logo_2019_gross-100x100.jpg 100w, https:\/\/shopera.ch\/wp-content\/uploads\/2019\/09\/ZT_logo_2019_gross-576x576.jpg 576w, https:\/\/shopera.ch\/wp-content\/uploads\/2019\/09\/ZT_logo_2019_gross-300x300.jpg 300w, https:\/\/shopera.ch\/wp-content\/uploads\/2019\/09\/ZT_logo_2019_gross-768x768.jpg 768w, https:\/\/shopera.ch\/wp-content\/uploads\/2019\/09\/ZT_logo_2019_gross-1024x1024.jpg 1024w, https:\/\/shopera.ch\/wp-content\/uploads\/2019\/09\/ZT_logo_2019_gross-600x600.jpg 600w, https:\/\/shopera.ch\/wp-content\/uploads\/2019\/09\/ZT_logo_2019_gross-32x32.jpg 32w, https:\/\/shopera.ch\/wp-content\/uploads\/2019\/09\/ZT_logo_2019_gross-170x170.jpg 170w, https:\/\/shopera.ch\/wp-content\/uploads\/2019\/09\/ZT_logo_2019_gross.jpg 1500w\" sizes=\"(max-width: 150px) 100vw, 150px\" \/>[\/vc_column_text][\/vc_column][\/vc_row][vc_row][vc_column][vc_raw_html]JTNDc3R5bGUlM0UlMEEuZXZlbnRkZXNjcCUyMGgxJTIwJTdCZm9udC1zaXplJTNBJTIwMS44ZW0lM0IlMjAlN0QlMEEuZXZlbnRkZXNjcCUyMGgyJTIwJTdCY29sb3IlM0ElMjAlMjNmNzY1OTYlM0IlMjBmb250LXNpemUlM0ElMjAwLjhlbSUzQiUyMHRleHQtdHJhbnNmb3JtJTNBJTIwdXBwZXJjYXNlJTNCJTIwZm9udC1mYW1pbHklM0ElMjAlMjdQb3BwaW5zJTI3JTJDJTIwQXJpYWwlMkMlMjBzYW5zLXNlcmlmJTNCJTIwZm9udC13ZWlnaHQlM0ElMjA1MDAlM0IlMjBsZXR0ZXItc3BhY2luZyUzQSUyMDFweCUzQiU3RCUwQS5ldmVudGRlc2NwJTIwaDMlMjAlN0Jmb250LXdlaWdodCUzQSUyMDUwMCUzQiUyMGZvbnQtc2l6ZSUzQSUyMDEuNWVtJTNCJTdEJTBBLmV2ZW50ZGVzY3AlMjBoNSUyMCU3QmJhY2tncm91bmQlM0ElMjAlMjNlNTAwMDAlM0IlMjBkaXNwbGF5JTNBJTIwaW5saW5lLWJsb2NrJTNCJTIwbWFyZ2luLWJvdHRvbSUzQTEwcHglM0IlMjBwYWRkaW5nJTNBJTIwNXB4JTNCJTIwY29sb3IlM0ElMjAlMjNmZmYlM0IlMjBmb250LXNpemUlM0ElMjAwLjZlbSUzQiUyMGZvbnQtZmFtaWx5JTNBJTIwJTI3TGF0byUyNyUyQyUyMEFyaWFsJTJDJTIwc2Fucy1zZXJpZiUzQiU3RCUwQSUzQyUyRnN0eWxlJTNF[\/vc_raw_html][\/vc_column][\/vc_row]<\/p>\n<\/div>","protected":false},"excerpt":{"rendered":"<p>[vc_row full_width=&#8221;stretch_row&#8221; full_height=&#8221;yes&#8221;][vc_column width=&#8221;2\/3&#8243;][vc_single_image image=&#8221;218892&#8243; img_size=&#8221;full&#8221;][vc_single_image image=&#8221;218890&#8243; img_size=&#8221;full&#8221;][vc_single_image image=&#8221;218891&#8243; img_size=&#8221;full&#8221;][\/vc_column][vc_column width=&#8221;1\/3&#8243;][vc_column_text el_class=&#8221;eventdescp&#8221;] BENDEET Z\u00fcrich Tanzt 2019 Event Rabatt-Tickets In unserer stadtweiten Festivallandschaft findest du dieses Jahr sieben thematische Hubs, in denen es verschiedene Facetten der lokalen, nationalen und&#8230;<\/p>\n","protected":false},"author":19,"featured_media":218893,"comment_status":"closed","ping_status":"closed","template":"","meta":{"_edit_last":["19"],"ure_prohibit_allow_flag":["2"],"ure_content_view_whom":["3"],"ure_content_for_roles":[""],"ure_post_access_error_action":["2"],"_yoast_wpseo_primary_portfolio_category":["5711"],"_wpb_vc_js_status":["true"],"_yoast_wpseo_content_score":["60"],"_yoast_wpseo_focuskeywords":["[]"],"_yoast_wpseo_keywordsynonyms":["[\"\"]"],"_edit_lock":["1568844707:19"],"_thumbnail_id":["218893"],"_wpml_media_has_media":["1"],"_wpml_media_duplicate":["1"],"_wpml_media_featured":["1"],"_wpml_location_migration_done":["1"],"_wpml_word_count":["{\"total\":147,\"to_translate\":{\"fr\":147,\"it\":147}}"]},"etheme_portfolio_category":[5711],"class_list":["post-218742","etheme_portfolio","type-etheme_portfolio","status-publish","has-post-thumbnail","hentry","portfolio_category-event-tickets"],"acf":[],"image":{"id":218893,"src":"https:\/\/shopera.ch\/wp-content\/uploads\/2019\/09\/zurich-tanzt-featured-1.jpg","alt":[],"title":"zurich-tanzt-featured","caption":"","description":""},"_links":{"self":[{"href":"https:\/\/shopera.ch\/it\/wp-json\/wp\/v2\/etheme_portfolio\/218742","targetHints":{"allow":["GET"]}}],"collection":[{"href":"https:\/\/shopera.ch\/it\/wp-json\/wp\/v2\/etheme_portfolio"}],"about":[{"href":"https:\/\/shopera.ch\/it\/wp-json\/wp\/v2\/types\/etheme_portfolio"}],"author":[{"embeddable":true,"href":"https:\/\/shopera.ch\/it\/wp-json\/wp\/v2\/users\/19"}],"replies":[{"embeddable":true,"href":"https:\/\/shopera.ch\/it\/wp-json\/wp\/v2\/comments?post=218742"}],"wp:featuredmedia":[{"embeddable":true,"href":"https:\/\/shopera.ch\/it\/wp-json\/wp\/v2\/media\/218893"}],"wp:attachment":[{"href":"https:\/\/shopera.ch\/it\/wp-json\/wp\/v2\/media?parent=218742"}],"wp:term":[{"taxonomy":"portfolio_category","embeddable":true,"href":"https:\/\/shopera.ch\/it\/wp-json\/wp\/v2\/etheme_portfolio_category?post=218742"}],"curies":[{"name":"wp","href":"https:\/\/api.w.org\/{rel}","templated":true}]}}

Zürich Tanzt 2019

<div class="wpb-content-wrapper"><p>[vc_row full_width=&#8221;stretch_row&#8221; full_height=&#8221;yes&#8221;][vc_column width=&#8221;2/3&#8243;][vc_single_image image=&#8221;218892&#8243; img_size=&#8221;full&#8221;][vc_single_image image=&#8221;218890&#8243; img_size=&#8221;full&#8221;][vc_single_image image=&#8221;218891&#8243; img_size=&#8221;full&#8221;][/vc_column][vc_column width=&#8221;1/3&#8243;][vc_column_text el_class=&#8221;eventdescp&#8221;]</p>
<h5 class="event-off">BENDEET</h5>
<h1>Zürich Tanzt 2019</h1>
<h2>Event Rabatt-Tickets</h2>
<p>In unserer stadtweiten Festivallandschaft findest du dieses Jahr sieben thematische Hubs, in denen es verschiedene Facetten der lokalen, nationalen und internationalen Tanzkultur zu entdecken gibt. Und natürlich tanzen wir auch wieder durch die Strassen, auf Plätzen und an anderen ungewöhnlichen Orten in der Stadt. Wir empfehlen dir, die Details zu den Veranstaltungen auf unserer Webseite oder in der App nachzulesen. Let’s dance! Dein ZÜRICH TANZT-Team</p>
<h3>Sponsor</h3>
<p><img decoding="async" class="aligncenter size-thumbnail wp-image-218743" src="https://shopera.ch/wp-content/uploads/2019/09/ZT_logo_2019_gross-150x150.jpg" alt="" width="150" height="150" srcset="https://shopera.ch/wp-content/uploads/2019/09/ZT_logo_2019_gross-150x150.jpg 150w, https://shopera.ch/wp-content/uploads/2019/09/ZT_logo_2019_gross-225x225.jpg 225w, https://shopera.ch/wp-content/uploads/2019/09/ZT_logo_2019_gross-100x100.jpg 100w, https://shopera.ch/wp-content/uploads/2019/09/ZT_logo_2019_gross-576x576.jpg 576w, https://shopera.ch/wp-content/uploads/2019/09/ZT_logo_2019_gross-300x300.jpg 300w, https://shopera.ch/wp-content/uploads/2019/09/ZT_logo_2019_gross-768x768.jpg 768w, https://shopera.ch/wp-content/uploads/2019/09/ZT_logo_2019_gross-1024x1024.jpg 1024w, https://shopera.ch/wp-content/uploads/2019/09/ZT_logo_2019_gross-600x600.jpg 600w, https://shopera.ch/wp-content/uploads/2019/09/ZT_logo_2019_gross-32x32.jpg 32w, https://shopera.ch/wp-content/uploads/2019/09/ZT_logo_2019_gross-170x170.jpg 170w, https://shopera.ch/wp-content/uploads/2019/09/ZT_logo_2019_gross.jpg 1500w" sizes="(max-width: 150px) 100vw, 150px" />[/vc_column_text][/vc_column][/vc_row][vc_row][vc_column][vc_raw_html]JTNDc3R5bGUlM0UlMEEuZXZlbnRkZXNjcCUyMGgxJTIwJTdCZm9udC1zaXplJTNBJTIwMS44ZW0lM0IlMjAlN0QlMEEuZXZlbnRkZXNjcCUyMGgyJTIwJTdCY29sb3IlM0ElMjAlMjNmNzY1OTYlM0IlMjBmb250LXNpemUlM0ElMjAwLjhlbSUzQiUyMHRleHQtdHJhbnNmb3JtJTNBJTIwdXBwZXJjYXNlJTNCJTIwZm9udC1mYW1pbHklM0ElMjAlMjdQb3BwaW5zJTI3JTJDJTIwQXJpYWwlMkMlMjBzYW5zLXNlcmlmJTNCJTIwZm9udC13ZWlnaHQlM0ElMjA1MDAlM0IlMjBsZXR0ZXItc3BhY2luZyUzQSUyMDFweCUzQiU3RCUwQS5ldmVudGRlc2NwJTIwaDMlMjAlN0Jmb250LXdlaWdodCUzQSUyMDUwMCUzQiUyMGZvbnQtc2l6ZSUzQSUyMDEuNWVtJTNCJTdEJTBBLmV2ZW50ZGVzY3AlMjBoNSUyMCU3QmJhY2tncm91bmQlM0ElMjAlMjNlNTAwMDAlM0IlMjBkaXNwbGF5JTNBJTIwaW5saW5lLWJsb2NrJTNCJTIwbWFyZ2luLWJvdHRvbSUzQTEwcHglM0IlMjBwYWRkaW5nJTNBJTIwNXB4JTNCJTIwY29sb3IlM0ElMjAlMjNmZmYlM0IlMjBmb250LXNpemUlM0ElMjAwLjZlbSUzQiUyMGZvbnQtZmFtaWx5JTNBJTIwJTI3TGF0byUyNyUyQyUyMEFyaWFsJTJDJTIwc2Fucy1zZXJpZiUzQiU3RCUwQSUzQyUyRnN0eWxlJTNF[/vc_raw_html][/vc_column][/vc_row]</p>
</div>

<p>[vc_row full_width=&#8221;stretch_row&#8221; full_height=&#8221;yes&#8221;][vc_column width=&#8221;2/3&#8243;][vc_single_image image=&#8221;218892&#8243; img_size=&#8221;full&#8221;][vc_single_image image=&#8221;218890&#8243; img_size=&#8221;full&#8221;][vc_single_image image=&#8221;218891&#8243; img_size=&#8221;full&#8221;][/vc_column][vc_column width=&#8221;1/3&#8243;][vc_column_text el_class=&#8221;eventdescp&#8221;] BENDEET Zürich Tanzt 2019 Event Rabatt-Tickets In unserer stadtweiten Festivallandschaft findest du dieses Jahr sieben thematische Hubs, in denen es verschiedene Facetten der lokalen, nationalen und&#8230;</p>
